{"id":2,"date":"2016-11-19T03:02:33","date_gmt":"2016-11-19T00:02:33","guid":{"rendered":"http:\/\/www.kustr.org\/kuskayitkomitesi\/?page_id=2"},"modified":"2026-03-18T17:32:34","modified_gmt":"2026-03-18T14:32:34","slug":"kus-kayit-komitesi","status":"publish","type":"page","link":"http:\/\/www.kustr.org\/kuskayitkomitesi\/","title":{"rendered":"Hakk\u0131m\u0131zda"},"content":{"rendered":"<p>T\u00fcrkiye Ku\u015f Kay\u0131t Komitesi; T\u00fcrkiye&#8217;de g\u00f6r\u00fclen ku\u015f t\u00fcrlerinin tam listesini tutmak, nadir t\u00fcrleri belirlemek ve listesini yay\u0131mlamak, <a href=\"https:\/\/ebird.org\/region\/TR?yr=all&amp;m=&amp;rank=lrec\">eBird\/eKu\u015fbank<\/a>&#8216;a girilen nadir ve s\u0131rad\u0131\u015f\u0131 ku\u015f kay\u0131tlar\u0131n\u0131 de\u011ferlendirmek ve veritaban\u0131na girilen bilgilerin do\u011fru olmas\u0131n\u0131 sa\u011flamak amac\u0131yla \u00e7al\u0131\u015fmaktad\u0131r.<\/p>\n<p>Komite \u00fcyeleri, eBird\/eKu\u015fbank \u00fczerinde g\u00f6n\u00fcll\u00fc y\u00f6netici olarak \u00e7al\u0131\u015fmakta ve hatal\u0131 olan kay\u0131tlar\u0131 g\u00f6zlemcilerle ba\u011flant\u0131ya ge\u00e7erek d\u00fczeltilmesini sa\u011flamaktad\u0131r.\u00a0\u00a0Buna ek olarak; T\u00fcrkiye&#8217;de ilk kez g\u00f6r\u00fclen, kay\u0131t say\u0131s\u0131 25&#8217;ten az olan ya da eski kay\u0131tlar\u0131n\u0131n ard\u0131ndan modern zamanda yeniden g\u00f6r\u00fclen ku\u015f t\u00fcrleri Komite taraf\u0131ndan de\u011ferlendirilmektedir.<\/p>\n<p>Ku\u015f Kay\u0131t Komitesi hi\u00e7bir \u015fekilde bir \u00fcnvan veya ki\u015filerin \u00fcst\u00fcn ku\u015f g\u00f6zlem yeteneklerini tasdik etme amac\u0131, i\u015flevi veya nosyonu ta\u015f\u0131maz. Ancak T\u00fcrkiye&#8217;nin en \u00e7ok kullan\u0131lan, denetlenen ve veri i\u00e7eren sistemi eBird\/eKu\u015fbank&#8217;\u0131n sa\u011fl\u0131kl\u0131 i\u015flemesi i\u00e7in \u00e7al\u0131\u015f\u0131r.<\/p>\n<p>Komite \u00dcyeleri:<\/p>\n<ul>\n<li>Mustafa Erturhan (Komite Ba\u015fkan\u0131)(<a href=\"https:\/\/ebird.org\/profile\/NDQ1NTE5\/TR\" target=\"_blank\" rel=\"noopener\">eBird Profili<\/a>)<\/li>\n<li>\u00c7a\u011fan Abbaso\u011flu (<a href=\"https:\/\/ebird.org\/profile\/MTY4NTIyNA\" target=\"_blank\" rel=\"noopener\">eBird Profili<\/a>)<\/li>\n<li>Emin Yo\u011furt\u00e7uo\u011flu (<a href=\"https:\/\/ebird.org\/profile\/NTI4MDA4\/world\" target=\"_blank\" rel=\"noopener\">eBird Profili<\/a>)<\/li>\n<li>Kerem Ali Boyla (<a href=\"https:\/\/ebird.org\/profile\/Mjc4Mzky\/world\" target=\"_blank\" rel=\"noopener\">eBird Profili<\/a>)<\/li>\n<li>Kuzey Cem Kula\u00e7o\u011flu (<a href=\"https:\/\/ebird.org\/profile\/NDI2NTY5\/world\" target=\"_blank\" rel=\"noopener\">eBird Profili<\/a>)<\/li>\n<li>Nizamettin Yavuz (<a href=\"https:\/\/ebird.org\/profile\/NDMwNzU1\/world\" target=\"_blank\" rel=\"noopener\">eBird Profili<\/a>)<\/li>\n<li>Orhan G\u00fcl (<a href=\"https:\/\/ebird.org\/profile\/NTQ4MDgw\/world\" target=\"_blank\" rel=\"noopener\">eBird Profili<\/a>)<\/li>\n<li>Volkan Donbalo\u011flu (<a href=\"https:\/\/ebird.org\/profile\/MjQ1MDI0OQ\/world\" target=\"_blank\" rel=\"noopener\">eBird Profili<\/a>)<\/li>\n<\/ul>\n<p>Hakem Heyeti \u00dcyeleri:<\/p>\n<ul>\n<li>(komite \u00fcyeleri)<\/li>\n<li>Birol Hatino\u011flu<\/li>\n<li>Cemil Gezgin<\/li>\n<li>Cenk Polat<\/li>\n<li>Kiraz Erciyas Yavuz<\/li>\n<li>Koray \u00d6\u011freten<\/li>\n<li>Korhan \u00d6zkan<\/li>\n<li>Mehmet \u00dcnl\u00fc<\/li>\n<li>Murat Uyman<\/li>\n<li>Mustafa \u00d6zdemir<\/li>\n<li>\u00d6mer Faruk Durdu<\/li>\n<\/ul>\n<p>Eski Komite \u00dcyeleri<\/p>\n<ul>\n<li>Ali Atahan (2017-2023)<\/li>\n<li>Kiraz Erciyas Yavuz (2013-2023)<\/li>\n<li>Korhan \u00d6zkan (2013-2023)<\/li>\n<li>Kuzey Cem Kula\u00e7o\u011flu (2017-2024)<\/li>\n<li>Metehan \u00d6zen (2013-2023)<\/li>\n<li>\u00d6mral \u00dcnsal \u00d6zko\u00e7 (2013-2024)<\/li>\n<\/ul>\n<p>Ayr\u0131ca Komite&#8217;nin olu\u015fmas\u0131 i\u00e7in ge\u00e7mi\u015fte \u00f6nemli emekler veren <strong>Heike Tholl-Schmidt<\/strong> (Bahar Suseven) ve<strong> Ian Richardson<\/strong>&#8216;u da sayg\u0131yla an\u0131yoruz.<\/p>\n<p>Komite e-posta adresi: <a href=\"mailto:ebirdtr@gmail.com\">ebirdtr@gmail.com<\/a><\/p>\n<p>G\u00f6zlemcilerin bu tip kay\u0131tlar\u0131n\u0131 hem eBird \u00fczerinden girmeleri hem de Komite&#8217;ye ek bilgiler sunabilece\u011fi &#8220;<a href=\"https:\/\/docs.google.com\/forms\/d\/e\/1FAIpQLSc08lOX4hBLPKF7HmAtNBPUwZBurDbDuK3JBe8L2gl5YM7UOQ\/viewform\">nadir ve s\u0131rad\u0131\u015f\u0131 t\u00fcr kay\u0131t formu<\/a>&#8221; \u00fczerinden aktarmalar\u0131 beklenmektedir.<\/p>\n","protected":false},"excerpt":{"rendered":"<p>T\u00fcrkiye Ku\u015f Kay\u0131t Komitesi; T\u00fcrkiye&#8217;de g\u00f6r\u00fclen ku\u015f t\u00fcrlerinin tam listesini tutmak, nadir t\u00fcrleri belirlemek ve listesini yay\u0131mlamak, eBird\/eKu\u015fbank&#8216;a girilen nadir ve s\u0131rad\u0131\u015f\u0131 ku\u015f kay\u0131tlar\u0131n\u0131 de\u011ferlendirmek ve veritaban\u0131na girilen bilgilerin do\u011fru olmas\u0131n\u0131 sa\u011flamak amac\u0131yla \u00e7al\u0131\u015fmaktad\u0131r. Komite \u00fcyeleri, eBird\/eKu\u015fbank \u00fczerinde g\u00f6n\u00fcll\u00fc y\u00f6netici olarak \u00e7al\u0131\u015fmakta ve hatal\u0131 olan kay\u0131tlar\u0131 g\u00f6zlemcilerle ba\u011flant\u0131ya ge\u00e7erek d\u00fczeltilmesini sa\u011flamaktad\u0131r.\u00a0\u00a0Buna ek olarak; T\u00fcrkiye&#8217;de ilk [&hellip;]<\/p>\n","protected":false},"author":1,"featured_media":823,"parent":0,"menu_order":0,"comment_status":"closed","ping_status":"closed","template":"","meta":{"footnotes":""},"class_list":["post-2","page","type-page","status-publish","has-post-thumbnail","hentry"],"_links":{"self":[{"href":"http:\/\/www.kustr.org\/kuskayitkomitesi\/wp-json\/wp\/v2\/pages\/2","targetHints":{"allow":["GET"]}}],"collection":[{"href":"http:\/\/www.kustr.org\/kuskayitkomitesi\/wp-json\/wp\/v2\/pages"}],"about":[{"href":"http:\/\/www.kustr.org\/kuskayitkomitesi\/wp-json\/wp\/v2\/types\/page"}],"author":[{"embeddable":true,"href":"http:\/\/www.kustr.org\/kuskayitkomitesi\/wp-json\/wp\/v2\/users\/1"}],"replies":[{"embeddable":true,"href":"http:\/\/www.kustr.org\/kuskayitkomitesi\/wp-json\/wp\/v2\/comments?post=2"}],"version-history":[{"count":48,"href":"http:\/\/www.kustr.org\/kuskayitkomitesi\/wp-json\/wp\/v2\/pages\/2\/revisions"}],"predecessor-version":[{"id":1229,"href":"http:\/\/www.kustr.org\/kuskayitkomitesi\/wp-json\/wp\/v2\/pages\/2\/revisions\/1229"}],"wp:featuredmedia":[{"embeddable":true,"href":"http:\/\/www.kustr.org\/kuskayitkomitesi\/wp-json\/wp\/v2\/media\/823"}],"wp:attachment":[{"href":"http:\/\/www.kustr.org\/kuskayitkomitesi\/wp-json\/wp\/v2\/media?parent=2"}],"curies":[{"name":"wp","href":"https:\/\/api.w.org\/{rel}","templated":true}]}}

Hakkımızda

<p>Türkiye Kuş Kayıt Komitesi; Türkiye&#8217;de görülen kuş türlerinin tam listesini tutmak, nadir türleri belirlemek ve listesini yayımlamak, <a href="https://ebird.org/region/TR?yr=all&amp;m=&amp;rank=lrec">eBird/eKuşbank</a>&#8216;a girilen nadir ve sıradışı kuş kayıtlarını değerlendirmek ve veritabanına girilen bilgilerin doğru olmasını sağlamak amacıyla çalışmaktadır.</p>
<p>Komite üyeleri, eBird/eKuşbank üzerinde gönüllü yönetici olarak çalışmakta ve hatalı olan kayıtları gözlemcilerle bağlantıya geçerek düzeltilmesini sağlamaktadır.  Buna ek olarak; Türkiye&#8217;de ilk kez görülen, kayıt sayısı 25&#8217;ten az olan ya da eski kayıtlarının ardından modern zamanda yeniden görülen kuş türleri Komite tarafından değerlendirilmektedir.</p>
<p>Kuş Kayıt Komitesi hiçbir şekilde bir ünvan veya kişilerin üstün kuş gözlem yeteneklerini tasdik etme amacı, işlevi veya nosyonu taşımaz. Ancak Türkiye&#8217;nin en çok kullanılan, denetlenen ve veri içeren sistemi eBird/eKuşbank&#8217;ın sağlıklı işlemesi için çalışır.</p>
<p>Komite Üyeleri:</p>
<ul>
<li>Mustafa Erturhan (Komite Başkanı)(<a href="https://ebird.org/profile/NDQ1NTE5/TR" target="_blank" rel="noopener">eBird Profili</a>)</li>
<li>Çağan Abbasoğlu (<a href="https://ebird.org/profile/MTY4NTIyNA" target="_blank" rel="noopener">eBird Profili</a>)</li>
<li>Emin Yoğurtçuoğlu (<a href="https://ebird.org/profile/NTI4MDA4/world" target="_blank" rel="noopener">eBird Profili</a>)</li>
<li>Kerem Ali Boyla (<a href="https://ebird.org/profile/Mjc4Mzky/world" target="_blank" rel="noopener">eBird Profili</a>)</li>
<li>Kuzey Cem Kulaçoğlu (<a href="https://ebird.org/profile/NDI2NTY5/world" target="_blank" rel="noopener">eBird Profili</a>)</li>
<li>Nizamettin Yavuz (<a href="https://ebird.org/profile/NDMwNzU1/world" target="_blank" rel="noopener">eBird Profili</a>)</li>
<li>Orhan Gül (<a href="https://ebird.org/profile/NTQ4MDgw/world" target="_blank" rel="noopener">eBird Profili</a>)</li>
<li>Volkan Donbaloğlu (<a href="https://ebird.org/profile/MjQ1MDI0OQ/world" target="_blank" rel="noopener">eBird Profili</a>)</li>
</ul>
<p>Hakem Heyeti Üyeleri:</p>
<ul>
<li>(komite üyeleri)</li>
<li>Birol Hatinoğlu</li>
<li>Cemil Gezgin</li>
<li>Cenk Polat</li>
<li>Kiraz Erciyas Yavuz</li>
<li>Koray Öğreten</li>
<li>Korhan Özkan</li>
<li>Mehmet Ünlü</li>
<li>Murat Uyman</li>
<li>Mustafa Özdemir</li>
<li>Ömer Faruk Durdu</li>
</ul>
<p>Eski Komite Üyeleri</p>
<ul>
<li>Ali Atahan (2017-2023)</li>
<li>Kiraz Erciyas Yavuz (2013-2023)</li>
<li>Korhan Özkan (2013-2023)</li>
<li>Kuzey Cem Kulaçoğlu (2017-2024)</li>
<li>Metehan Özen (2013-2023)</li>
<li>Ömral Ünsal Özkoç (2013-2024)</li>
</ul>
<p>Ayrıca Komite&#8217;nin oluşması için geçmişte önemli emekler veren <strong>Heike Tholl-Schmidt</strong> (Bahar Suseven) ve<strong> Ian Richardson</strong>&#8216;u da saygıyla anıyoruz.</p>
<p>Komite e-posta adresi: <a href="mailto:ebirdtr@gmail.com">ebirdtr@gmail.com</a></p>
<p>Gözlemcilerin bu tip kayıtlarını hem eBird üzerinden girmeleri hem de Komite&#8217;ye ek bilgiler sunabileceği &#8220;<a href="https://docs.google.com/forms/d/e/1FAIpQLSc08lOX4hBLPKF7HmAtNBPUwZBurDbDuK3JBe8L2gl5YM7UOQ/viewform">nadir ve sıradışı tür kayıt formu</a>&#8221; üzerinden aktarmaları beklenmektedir.</p>

<p>Türkiye Kuş Kayıt Komitesi; Türkiye&#8217;de görülen kuş türlerinin tam listesini tutmak, nadir türleri belirlemek ve listesini yayımlamak, eBird/eKuşbank&#8216;a girilen nadir ve sıradışı kuş kayıtlarını değerlendirmek ve veritabanına girilen bilgilerin doğru olmasını sağlamak amacıyla çalışmaktadır. Komite üyeleri, eBird/eKuşbank üzerinde gönüllü yönetici olarak çalışmakta ve hatalı olan kayıtları gözlemcilerle bağlantıya geçerek düzeltilmesini sağlamaktadır.  Buna ek olarak; Türkiye&#8217;de ilk [&hellip;]</p>
