{"id":243,"date":"2017-12-28T00:23:15","date_gmt":"2017-12-27T21:23:15","guid":{"rendered":"http:\/\/www.kustr.org\/kuskayitkomitesi\/?page_id=243"},"modified":"2025-01-06T09:07:25","modified_gmt":"2025-01-06T06:07:25","slug":"haberler","status":"publish","type":"page","link":"https:\/\/www.kustr.org\/kuskayitkomitesi\/haberler\/","title":{"rendered":"T\u00fcrkiye Ku\u015f Kay\u0131t Komitesi&#8217;nden Haberler"},"content":{"rendered":"\r\n<p>Komite&#8217;deki en g\u00fcncel geli\u015fmeleri ve kabul edilen ya da reddedilen ku\u015f t\u00fcrlerine ait bilgileri bu b\u00f6l\u00fcmde bulabilirsiniz. Haber yaz\u0131lar\u0131 i\u00e7in alt ba\u015fl\u0131klar\u0131 kontrol ediniz.<\/p>\r\n<p><a href=\"https:\/\/www.kustr.org\/kuskayitkomitesi\/haberler\/2-ocak-2025-kus-kayit-komitesi-ve-ebird-hakem-heyeti-toplantisi\/\">2 Ocak 2025 &#8211; Ku\u015f Kay\u0131t Komitesi ve eBird Hakem Heyeti Toplant\u0131s\u0131<\/a><\/p>\r\n<p><a href=\"https:\/\/www.kustr.org\/kuskayitkomitesi\/haberler\/18-aralik-2024-kus-kayit-komitesi-ve-ebird-hakem-heyeti-toplantisi\/\">18 Aral\u0131k 2024 &#8211; Ku\u015f Kay\u0131t Komitesi ve eBird Hakem Heyeti Toplant\u0131s\u0131<\/a><\/p>\r\n<p><a href=\"https:\/\/www.kustr.org\/kuskayitkomitesi\/haberler\/13-kasim-2024-kus-kayit-komitesi-ve-ebird-hakem-heyeti-toplantisi\/\">13 Kas\u0131m 2024 &#8211; Ku\u015f Kay\u0131t Komitesi ve eBird Hakem Heyeti Toplant\u0131s\u0131<\/a><\/p>\r\n<p><blockquote class=\"wp-embedded-content\" data-secret=\"czVfZOHiSZ\"><a href=\"https:\/\/www.kustr.org\/kuskayitkomitesi\/kus-kayit-komitesi\/turkish-bird-records-committee\/2-ekim-2024-kus-kayit-komitesi-ve-ebird-hakem-heyeti-toplantisi\/\">2 Ekim 2024 &#8211; Ku\u015f Kay\u0131t Komitesi ve eBird Hakem Heyeti Toplant\u0131s\u0131<\/a><\/blockquote><iframe loading=\"lazy\" class=\"wp-embedded-content\" sandbox=\"allow-scripts\" security=\"restricted\" style=\"position: absolute; visibility: hidden;\" title=\"&#8220;2 Ekim 2024 &#8211; Ku\u015f Kay\u0131t Komitesi ve eBird Hakem Heyeti Toplant\u0131s\u0131&#8221; &#8212; T&uuml;rkiye Ku\u015f Kay\u0131t Komitesi\" src=\"https:\/\/www.kustr.org\/kuskayitkomitesi\/kus-kayit-komitesi\/turkish-bird-records-committee\/2-ekim-2024-kus-kayit-komitesi-ve-ebird-hakem-heyeti-toplantisi\/embed\/#?secret=8DuCNkH1K9#?secret=czVfZOHiSZ\" data-secret=\"czVfZOHiSZ\" width=\"500\" height=\"282\" frameborder=\"0\" marginwidth=\"0\" marginheight=\"0\" scrolling=\"no\"><\/iframe><\/p>\r\n","protected":false},"excerpt":{"rendered":"<p>Komite&#8217;deki en g\u00fcncel geli\u015fmeleri ve kabul edilen ya da reddedilen ku\u015f t\u00fcrlerine ait bilgileri bu b\u00f6l\u00fcmde bulabilirsiniz. Haber yaz\u0131lar\u0131 i\u00e7in alt ba\u015fl\u0131klar\u0131 kontrol ediniz. 2 Ocak 2025 &#8211; Ku\u015f Kay\u0131t Komitesi ve eBird Hakem Heyeti Toplant\u0131s\u0131 18 Aral\u0131k 2024 &#8211; Ku\u015f Kay\u0131t Komitesi ve eBird Hakem Heyeti Toplant\u0131s\u0131 13 Kas\u0131m 2024 &#8211; Ku\u015f Kay\u0131t Komitesi [&hellip;]<\/p>\n","protected":false},"author":7,"featured_media":0,"parent":0,"menu_order":0,"comment_status":"open","ping_status":"closed","template":"","meta":{"footnotes":""},"class_list":["post-243","page","type-page","status-publish","hentry"],"_links":{"self":[{"href":"https:\/\/www.kustr.org\/kuskayitkomitesi\/wp-json\/wp\/v2\/pages\/243","targetHints":{"allow":["GET"]}}],"collection":[{"href":"https:\/\/www.kustr.org\/kuskayitkomitesi\/wp-json\/wp\/v2\/pages"}],"about":[{"href":"https:\/\/www.kustr.org\/kuskayitkomitesi\/wp-json\/wp\/v2\/types\/page"}],"author":[{"embeddable":true,"href":"https:\/\/www.kustr.org\/kuskayitkomitesi\/wp-json\/wp\/v2\/users\/7"}],"replies":[{"embeddable":true,"href":"https:\/\/www.kustr.org\/kuskayitkomitesi\/wp-json\/wp\/v2\/comments?post=243"}],"version-history":[{"count":13,"href":"https:\/\/www.kustr.org\/kuskayitkomitesi\/wp-json\/wp\/v2\/pages\/243\/revisions"}],"predecessor-version":[{"id":1180,"href":"https:\/\/www.kustr.org\/kuskayitkomitesi\/wp-json\/wp\/v2\/pages\/243\/revisions\/1180"}],"wp:attachment":[{"href":"https:\/\/www.kustr.org\/kuskayitkomitesi\/wp-json\/wp\/v2\/media?parent=243"}],"curies":[{"name":"wp","href":"https:\/\/api.w.org\/{rel}","templated":true}]}}